e -7*q + 2*q + 10 = u. Suppose 6*k - q*k = 28. What is the remainder when 13 is divided by k?
6
Suppose y + 418 = 12*y. What is the remainder when 4*-5*30/(-8) is divided by y?
37
Suppose -38 - 37 = -3*h. Calculate the remainder when 47 is divided by h.
22
Let n(p) be the second derivative of p**5/20 - p**4/3 + p**3/6 - 2*p**2 - p. What is the remainder when n(5) is divided by 14?
12
Suppose -5*n + 1 = -14. Suppose 6*c - n*b + 8 = 7*c, -2*c + b + 30 = 0. What is the remainder when 41 is divided by c?
13
Let f(q) = 2*q + 5. Let l be f(-7). Let s = 9 - l. Calculate the remainder when 53 is divided by s.
17
Suppose 0 = -2*h - 4*y + 32, -5*h + 0*h = -y - 102. What is the remainder when 37 is divided by h?
17
Let k(m) = 12*m + 1. Let q be (3/5)/((-2)/(-10)). Calculate the remainder when k(q) is divided by 13.
11
Suppose -3*r + 11 = 2*b, -r + 5 = 2*b - 0*r. What is the remainder when 36/(-16)*(-4)/3 is divided by b?
0
Let d = 18 + 21. Calculate the remainder when d is divided by 10.
9
Let s = 10 - 6. Suppose -2 = -s*p + 3*p. What is the remainder when p is divided by 1?
0
Suppose 43*v - 47*v + 212 = 0. What is the remainder when v is divided by 19?
15
Let g be -1 + 1*15/(-3). Let m = 18 + g. Let o(j) = j**2 + j + 34. Calculate the remainder when o(0) is divided by m.
10
Let h(v) = v - 6. Let g be h(-5). Suppose -160 = -7*c + 2*c. Let w = g + c. What is the remainder when w is divided by 11?
10
Let f(l) = -2*l**2 + 9*l + 9. Let m(c) = -5*c**2 + 26*c + 26. Let n(q) = -8*f(q) + 3*m(q). Calculate the remainder when 25 is divided by n(-7).
12
Suppose -4*w - 4*d = 100, -3*w + 2*w - 41 = 5*d. Let m = -11 - w. Let s = 7 + 21. Calculate the remainder when s is divided by m.
8
Let h(n) = -n**3 - 4*n**2 + 5*n + 5. Let o(l) = l**2 + 10*l - 6. Let s be o(-9). Let y = s - -23. Calculate the remainder when y is divided by h(-5).
3
Let q = -114 - -137. Calculate the remainder when 65 is divided by q.
19
Suppose 215 = 6*n - n. Suppose -13*r - 8*r = -462. Calculate the remainder when n is divided by r.
21
Let w be -1 + (-1)/(-2)*2. What is the remainder when (w - -51) + 14/7 is divided by 18?
17
Let y(f) = f**3 - 3*f**2 + 4. Let p be y(3). Suppose p = v + v. Let z(i) = -i - 3. Calculate the remainder when v is divided by z(-4).
0
Suppose -3*u = -3*l + 6, l = u + u. What is the remainder when 4 is divided by u?
0
Let n(b) = 11*b - 1. Let t(d) be the third derivative of -d**6/120 + 11*d**5/60 + 5*d**3/2 + d**2. What is the remainder when n(4) is divided by t(11)?
13
Suppose 3*d = -d + 44. Suppose -g + d = -1. Let o = 31 - g. Calculate the remainder when o is divided by 7.
5
Suppose 4*b = -2*z + 4, 2*b + 1 + 7 = 0. Calculate the remainder when 38 is divided by z.
8
Suppose -4*w - 53 = -4*t + t, 2*w - 100 = -4*t. What is the remainder when t is divided by 12?
11
Suppose p + 2 - 27 = 4*x, 2*p - 4*x - 38 = 0. What is the remainder when (12/(-14))/(2/(-84)) is divided by p?
10
Let l be 339/4 + (-6)/8. Let x = 127 - l. What is the remainder when x is divided by 11?
10
Let a = -10 + 22. What is the remainder when 22 is divided by a?
10
Let p = 27 - 7. Suppose -b - p = -5*n, 4*b + 3*n - 40 = -b. Suppose -b*u + 74 = 2*v, 5*v - 162 = -2*u + u. What is the remainder when v is divided by 11?
10
Suppose 3*z = -i + 16, 0 = 4*i - 0*i - 2*z - 8. Let a = -50 + 55. What is the remainder when a is divided by i?
1
Suppose -25 = -3*x + 4*i, -3*x - 5*i - 16 + 59 = 0. Let m = -14 + 5. Let v = m - -13. Calculate the remainder when x is divided by v.
3
Suppose i + 98 = 3*i. Calculate the remainder when i is divided by 13.
10
Suppose 3 = -a + 4. Let o(t) = -t + 5. Let s = -1 + 4. What is the remainder when o(s) is divided by a?
0
Suppose 0 = 2*u - u - 6. Let h = -37 - -39. Calculate the remainder when u is divided by h.
0
Suppose 3*l + 0*l - 28 = -d, 3*l + 5*d = 20. What is the remainder when 48 is divided by l?
8
Suppose -4*b + 121 = -7*y + 10*y, 2*b - 39 = -y. Calculate the remainder when 163 is divided by y.
34
Let j(d) = d**3 - 5*d**2 - 5*d - 4. Suppose -5*f - 20 = -0*f, 2*r = -2*f - 2. Let p be (-2 + r)*12/2. What is the remainder when 4 is divided by j(p)?
0
Let q = 15 - -1. Suppose 0 = -4*u + 8*u - q. What is the remainder when ((-3)/9)/(2/(-66)) is divided by u?
3
Let l be (-56)/(-10) + 4/10. What is the remainder when 29 is divided by (4/l)/(6/135)?
14
Suppose -1 = r - 3. Suppose 0 = p - 2*n + r, n = -2*p - 2*p + 19. Calculate the remainder when 9 is divided by p.
1
Let l(d) = -6*d**2 + 45*d - 8. What is the remainder when 48 is divided by l(7)?
9
Let y(d) = d + 6. Let x(m) = -m**2 + 5*m + 5. Let n be x(5). Calculate the remainder when 30 is divided by y(n).
8
Let w = -5 + 12. Let z(a) be the third derivative of -a**5/60 + 3*a**4/8 - a**3/6 + a**2. Calculate the remainder when 24 is divided by z(w).
11
What is the remainder when 1/1*(-2 + 192/2) is divided by 16?
14
Suppose q - h - 15 = 0, -h = -q - 2*h + 15. What is the remainder when 28 is divided by q?
13
Let z = -8 - -14. Let t(u) be the second derivative of u**5/20 - 5*u**4/12 - 5*u**3/6 + u**2/2 + 2*u. What is the remainder when 20 is divided by t(z)?
6
Let a(u) = -u**2 - 10*u - 8. Calculate the remainder when 29 is divided by a(-6).
13
Let u(y) = y. Let q(g) = -5*g - 3. Let n(k) = -q(k) - 4*u(k). What is the remainder when 19 is divided by n(8)?
8
Suppose -3*g - 5*o + 168 = 0, 0 = 3*g - 4*o + 13 - 181. What is the remainder when 3 + (g + 4 - 4) is divided by 15?
14
Let b(l) = -l**3 - 13*l**2 - l - 9. Calculate the remainder when 15 is divided by b(-13).
3
Suppose 6*s - 7 = 3*s + 5*a, -5*a = -5. Let x be s*((-117)/6)/(-3). Suppose 3*f - x = f. What is the remainder when f is divided by 7?
6
Suppose -3*n - m = -5*m - 13, 2*n - 9 = 3*m. Suppose -5*l - f - 3*f + 135 = 0, -f = n*l - 81. What is the remainder when l is divided by -2 + 2 + 7/1?
6
Calculate the remainder when 1*235/(1 + 4) is divided by 13.
8
Let b(f) = f - 15. Let x be b(9). What is the remainder when (54/(-15))/(x/40) is divided by 13?
11
Let m(y) = y**2 - 12*y + 38. Suppose -2*u + 85 = -5*l, -5*u + 3*l = -0*u - 260. Suppose 69 = 4*b - u. What is the remainder when b is divided by m(9)?
9
Let d = -151 - -203. Calculate the remainder when d is divided by 11*(0/2 + 1).
8
Let k = -22 + 31. Let t(y) = -23*y - 146. What is the remainder when t(-7) is divided by k?
6
Suppose 5*y - 25 - 85 = 0. What is the remainder when -2 - (-2 + 3 - 45) is divided by y?
20
Calculate the remainder when (147/3)/1*1 is divided by 26.
23
Let d(u) = 5*u**2 + 2*u - 1. What is the remainder when ((-13)/(39/90))/(-2) is divided by d(1)?
3
What is the remainder when (-1 - 3 - -5)*54 is divided by 11?
10
Let u = 90 - -20. Calculate the remainder when u is divided by 28.
26
Suppose -20 = 5*c + 3*x, 4*c - 5*c - 4*x - 21 = 0. Calculate the remainder when -20*(-1 - 1/(-2)) is divided by (-3)/c + (3 - 2).
2
Let g(u) = -u**3 - 6*u**2 - 4*u + 8. Let i(q) = -6*q**3 + 4*q**3 - 6*q**2 - 5*q + 3*q**3 + 4*q. Let r be i(6). What is the remainder when g(r) is divided by 11?
10
Suppose -4*r - 1038 = 2*h, 0 = 3*r - 4*h - 88 + 839. What is the remainder when r/(-15) - (-2)/(-15) is divided by 10?
7
Let m = 64 + -21. Suppose 0*v = 3*r - 2*v - 35, -r = v - 10. Calculate the remainder when m is divided by r.
10
Let z(v) = 4*v**2 + 7*v - 1. Let s(l) = -3*l**2 - 5*l + 1. Let g(q) = -7*s(q) - 5*z(q). What is the remainder when (-1 - (-1)/(-3))*-3 is divided by g(2)?
0
Suppose -4 = -2*q + 4*p, -4*q - 5*p = -25 - 35. Let i = -39 - -56. What is the remainder when i is divided by q?
7
Suppose 3*y - 2 = -2*c, -c + 11 = -5*y - 3. What is the remainder when (-1 - (-18)/(-10))*-5 is divided by c?
2
Suppose i - 4 = 5*a + 2, 2*i - a - 12 = 0. Let s = 34 + i. What is the remainder when s is divided by (0 - 2/(-1))*7?
12
Suppose 34 = 19*y - 17*y. Calculate the remainder when 32 is divided by y.
15
Suppose -2*f = f - 2*t - 579, -2*t - 197 = -f. Calculate the remainder when f is divided by 66.
59
Let h = 61 + -40. Suppose 248 = -5*a + 9*a. What is the remainder when a is divided by h?
20
Let r = -1 - -15. Suppose -3*d = 5 - r. Let b(m) = -m**2 + m + 4. Calculate the remainder when b(0) is divided by d.
1
Let s = 3 + 9. Let t = s - 5. What is the remainder when 13 is divided by t?
6
Let r(b) = -2 + 2*b**2 - b - b + 8*b. What is th